{"id":37,"date":"2017-11-07T10:30:49","date_gmt":"2017-11-07T09:30:49","guid":{"rendered":"https:\/\/baeji.asr.li\/?page_id=37"},"modified":"2023-11-08T17:35:56","modified_gmt":"2023-11-08T16:35:56","slug":"struktur","status":"publish","type":"page","link":"https:\/\/www.baejizunft.ch\/index.php\/zunft\/struktur\/","title":{"rendered":"Struktur der B\u00e4jizunft"},"content":{"rendered":"<div id=\"inhalt\">\n<p>Der Vorstand der B\u00e4jizunft z\u00e4hlt sieben Mitglieder: <a href=\"https:\/\/www.baejizunft.ch\/index.php\/zunft\/komitee\/zunftmeister\/\">Zunftmeister<\/a>, <a href=\"https:\/\/www.baejizunft.ch\/index.php\/zunft\/komitee\/zunftweibel\/\">Zunftweibel<\/a>, <a href=\"https:\/\/www.baejizunft.ch\/index.php\/zunft\/komitee\/zunftschreiber\/\">Zunftschreiber<\/a>, <a href=\"https:\/\/www.baejizunft.ch\/index.php\/zunft\/komitee\/saeckelmeister\/\">S\u00e4ckelmeister<\/a>, <a href=\"https:\/\/www.baejizunft.ch\/index.php\/zunft\/komitee\/propagandachef\/\">Propagandachef<\/a>, <a href=\"https:\/\/www.baejizunft.ch\/index.php\/zunft\/komitee\/huettenwart\/\">H\u00fcttenwart<\/a> und <a href=\"https:\/\/www.baejizunft.ch\/index.php\/zunft\/komitee\/gliggenchefobmann\/\">Gliggenchefobmann<\/a>. Der Vorstand wird von der GV gew\u00e4hlt.<\/p>\n<p>Die Zunft besteht aus 13 Gliggen: B\u00e4jifr\u00e4sser, Lebensk\u00fcnstler, <a href=\"https:\/\/www.baejizunft.ch\/index.php\/zunft\/gliggen\/gligga-lusini\/\">Lusini<\/a>, Mittagsfl\u00fco, <a href=\"https:\/\/www.baejizunft.ch\/index.php\/zunft\/gliggen\/gligga-noola\/\">Noola<\/a>, <a href=\"https:\/\/www.baejizunft.ch\/index.php\/zunft\/gliggen\/gligga-plegerwaldini\/\">Plegerwaldini<\/a>, Rohrb\u00e4rger, Rullipulli, Schalle, Schrattboze, Stab, <a href=\"http:\/\/baejizunft.ch\/index.php\/zunft\/gliggen\/gligga-stipfini\/\">Stipfini<\/a> und Wannini. Jeder Gligga steht der\/die Gliggenchef\/in vor; dieser\/diese wird von seinen Gliggenmitgliedern gew\u00e4hlt.<\/p>\n<\/div>\n","protected":false},"excerpt":{"rendered":"<p>Der Vorstand der B\u00e4jizunft z\u00e4hlt sieben Mitglieder: Zunftmeister, Zunftweibel, Zunftschreiber, S\u00e4ckelmeister, Propagandachef, H\u00fcttenwart und Gliggenchefobmann. Der Vorstand wird von der GV gew\u00e4hlt. Die Zunft besteht aus 13 Gliggen: B\u00e4jifr\u00e4sser, Lebensk\u00fcnstler, Lusini, Mittagsfl\u00fco, Noola, Plegerwaldini, Rohrb\u00e4rger, &hellip;<\/p>\n","protected":false},"author":1,"featured_media":0,"parent":15,"menu_order":1,"comment_status":"closed","ping_status":"closed","template":"","meta":{"_exactmetrics_skip_tracking":false,"_exactmetrics_sitenote_active":false,"_exactmetrics_sitenote_note":"","_exactmetrics_sitenote_category":0,"footnotes":""},"class_list":["post-37","page","type-page","status-publish","hentry"],"_links":{"self":[{"href":"https:\/\/www.baejizunft.ch\/index.php\/wp-json\/wp\/v2\/pages\/37","targetHints":{"allow":["GET"]}}],"collection":[{"href":"https:\/\/www.baejizunft.ch\/index.php\/wp-json\/wp\/v2\/pages"}],"about":[{"href":"https:\/\/www.baejizunft.ch\/index.php\/wp-json\/wp\/v2\/types\/page"}],"author":[{"embeddable":true,"href":"https:\/\/www.baejizunft.ch\/index.php\/wp-json\/wp\/v2\/users\/1"}],"replies":[{"embeddable":true,"href":"https:\/\/www.baejizunft.ch\/index.php\/wp-json\/wp\/v2\/comments?post=37"}],"version-history":[{"count":10,"href":"https:\/\/www.baejizunft.ch\/index.php\/wp-json\/wp\/v2\/pages\/37\/revisions"}],"predecessor-version":[{"id":1940,"href":"https:\/\/www.baejizunft.ch\/index.php\/wp-json\/wp\/v2\/pages\/37\/revisions\/1940"}],"up":[{"embeddable":true,"href":"https:\/\/www.baejizunft.ch\/index.php\/wp-json\/wp\/v2\/pages\/15"}],"wp:attachment":[{"href":"https:\/\/www.baejizunft.ch\/index.php\/wp-json\/wp\/v2\/media?parent=37"}],"curies":[{"name":"wp","href":"https:\/\/api.w.org\/{rel}","templated":true}]}}