{"id":123,"date":"2017-11-07T11:27:42","date_gmt":"2017-11-07T10:27:42","guid":{"rendered":"https:\/\/baeji.asr.li\/?page_id=123"},"modified":"2022-12-15T13:53:56","modified_gmt":"2022-12-15T12:53:56","slug":"gv-familienabend","status":"publish","type":"page","link":"https:\/\/www.baejizunft.ch\/index.php\/aktivitaeten\/gv-familienabend\/","title":{"rendered":"GV \/ Familienabend"},"content":{"rendered":"<div id=\"inhalt\">\n<p>Die Generalversammlung der l\u00f6blichen B\u00e4jizunft Glis-Gamsen-Brigerbad findet immer am ersten Samstag im November am sp\u00e4teren Nachmittag statt.<\/p>\n<p>Am selben Abend findet dann der traditionelle Familienabend statt. Wo Familienangeh\u00f6rige und Freunde der B\u00e4jizunft mit gutem Essen und viel Spass einen unterhaltsamen und gem\u00fctlichen Abend verbringen.<\/p>\n<\/div>\n","protected":false},"excerpt":{"rendered":"<p>Die Generalversammlung der l\u00f6blichen B\u00e4jizunft Glis-Gamsen-Brigerbad findet immer am ersten Samstag im November am sp\u00e4teren Nachmittag statt. Am selben Abend findet dann der traditionelle Familienabend statt. Wo Familienangeh\u00f6rige und Freunde der B\u00e4jizunft mit gutem Essen &hellip;<\/p>\n","protected":false},"author":1,"featured_media":0,"parent":96,"menu_order":7,"comment_status":"closed","ping_status":"closed","template":"","meta":{"_exactmetrics_skip_tracking":false,"_exactmetrics_sitenote_active":false,"_exactmetrics_sitenote_note":"","_exactmetrics_sitenote_category":0,"footnotes":""},"class_list":["post-123","page","type-page","status-publish","hentry"],"_links":{"self":[{"href":"https:\/\/www.baejizunft.ch\/index.php\/wp-json\/wp\/v2\/pages\/123","targetHints":{"allow":["GET"]}}],"collection":[{"href":"https:\/\/www.baejizunft.ch\/index.php\/wp-json\/wp\/v2\/pages"}],"about":[{"href":"https:\/\/www.baejizunft.ch\/index.php\/wp-json\/wp\/v2\/types\/page"}],"author":[{"embeddable":true,"href":"https:\/\/www.baejizunft.ch\/index.php\/wp-json\/wp\/v2\/users\/1"}],"replies":[{"embeddable":true,"href":"https:\/\/www.baejizunft.ch\/index.php\/wp-json\/wp\/v2\/comments?post=123"}],"version-history":[{"count":5,"href":"https:\/\/www.baejizunft.ch\/index.php\/wp-json\/wp\/v2\/pages\/123\/revisions"}],"predecessor-version":[{"id":1439,"href":"https:\/\/www.baejizunft.ch\/index.php\/wp-json\/wp\/v2\/pages\/123\/revisions\/1439"}],"up":[{"embeddable":true,"href":"https:\/\/www.baejizunft.ch\/index.php\/wp-json\/wp\/v2\/pages\/96"}],"wp:attachment":[{"href":"https:\/\/www.baejizunft.ch\/index.php\/wp-json\/wp\/v2\/media?parent=123"}],"curies":[{"name":"wp","href":"https:\/\/api.w.org\/{rel}","templated":true}]}}