{"id":1169,"date":"2019-12-16T12:33:17","date_gmt":"2019-12-16T11:33:17","guid":{"rendered":"http:\/\/www.baejizunft.ch\/?page_id=1169"},"modified":"2025-10-10T08:51:53","modified_gmt":"2025-10-10T06:51:53","slug":"programm-2026","status":"publish","type":"page","link":"https:\/\/www.baejizunft.ch\/index.php\/programm\/programm-2026\/","title":{"rendered":"Programm 2026"},"content":{"rendered":"\n<figure id=\"tablepress-26\" class=\"wp-block-table is-style-stripes\"><table><tbody><tr><td>Fr, 06. Februar<\/td><td>14.00 Uhr<\/td><td><a href=\"http:\/\/www.baejizunft.ch\/index.php\/aktivitaeten\/besuch-hps\/\">Besuch der HPS in Glis<\/a> (<a href=\"https:\/\/www.baejizunft.ch\/index.php\/rl_gallery\/hps-glis-2026\/\">Impressionen<\/a>)<\/td><\/tr><tr><td><\/td><td>20.00 Uhr<\/td><td>Drachenausbruch Naters (<a href=\"https:\/\/www.baejizunft.ch\/index.php\/rl_gallery\/drachenausbruch-naters-2026\/\">Impressionen<\/a>)<\/td><\/tr><tr><td>Mo, 09. Februar<\/td><td>19.30 Uhr<\/td><td><a href=\"http:\/\/www.baejizunft.ch\/index.php\/aktivitaeten\/schnitzelbankabend\/\">Schnitzelbankabend im Pfarreiheim in Glis<\/a> (<a href=\"https:\/\/www.baejizunft.ch\/index.php\/rl_gallery\/schnitzelbankabend-2026\/\">Impressionen<\/a>)<br>Vorverkauf Tickets: Samstag, 24. Januar 2026<\/td><\/tr><tr><td>Di, 10. Februar<\/td><td>19.30 Uhr<\/td><td><a href=\"http:\/\/www.baejizunft.ch\/index.php\/aktivitaeten\/schnitzelbankabend\/\">Schnitzelbankabend im Pfarreiheim in Glis<\/a><br>Vorverkauf Tickets: Samstag, 24. Januar 2026<\/td><\/tr><tr><td>Mi, 11. Februar<\/td><td>19.30 Uhr<\/td><td><a href=\"http:\/\/www.baejizunft.ch\/index.php\/aktivitaeten\/chessletta\/\">Chessletta Er\u00f6ffnung der Gliser Fasnacht auf dem Dorfplatz in Glis<\/a> <br>(<a href=\"https:\/\/www.baejizunft.ch\/index.php\/rl_gallery\/chessletta-2026\/\">Impressionen<\/a>)<\/td><\/tr><tr><td>Do, 12. Februar<\/td><td>14.00 Uhr<\/td><td><a href=\"http:\/\/www.baejizunft.ch\/index.php\/aktivitaeten\/kinderumzug\/\">Kinderumzug Brig-Glis<\/a> (<a href=\"https:\/\/www.baejizunft.ch\/index.php\/rl_gallery\/kinderumzug-glis-2026\/\">Impressionen<\/a>)<\/td><\/tr><tr><td><\/td><td><\/td><td>Kasbaher\u00f6ffnung Brig (<a href=\"https:\/\/www.baejizunft.ch\/index.php\/rl_gallery\/kasbaheroeffnung-brig-2026\/\">Impressionen<\/a>)<\/td><\/tr><tr><td>Fr, 13. Februar<\/td><td>18.00 Uhr<\/td><td>Jubil\u00e4umsf\u00e4scht 60 Jahr B\u00e4jizunft (<a href=\"https:\/\/www.baejizunft.ch\/index.php\/rl_gallery\/60-jahre-baejizunft-glis\/\">Impressionen<\/a>)<\/td><\/tr><tr><td>So, 15. Februar<\/td><td>14.00 Uhr<\/td><td><a href=\"http:\/\/www.baejizunft.ch\/index.php\/aktivitaeten\/oberwalliser-umzug\/\">Grosser Oberwalliser Fasnachtsumzug in Glis<\/a> (<a href=\"https:\/\/www.baejizunft.ch\/index.php\/rl_gallery\/grosser-oberwalliser-fasnachtsumzug-2026\/\">Impressionen<\/a>)<\/td><\/tr><tr><td>Mo, 16. Februar<\/td><td>19.00 Uhr<\/td><td><a href=\"http:\/\/www.baejizunft.ch\/index.php\/aktivitaeten\/maskentreiben\/\">Maskentreiben in den Gliser Restaurants<\/a><\/td><\/tr><tr><td>Sa, 07. November<\/td><td>16.00 Uhr<\/td><td><a href=\"http:\/\/www.baejizunft.ch\/index.php\/aktivitaeten\/gv-familienabend\/\">GV Baejizunft<\/a><\/td><\/tr><tr><td><\/td><td>19.30 Uhr<\/td><td><a href=\"http:\/\/www.baejizunft.ch\/index.php\/aktivitaeten\/gv-familienabend\/\">Familienabend<\/a><\/td><\/tr><\/tbody><\/table><\/figure>\n\n\n\n<p><\/p>\n","protected":false},"excerpt":{"rendered":"","protected":false},"author":1,"featured_media":0,"parent":128,"menu_order":26,"comment_status":"closed","ping_status":"closed","template":"","meta":{"_exactmetrics_skip_tracking":false,"_exactmetrics_sitenote_active":false,"_exactmetrics_sitenote_note":"","_exactmetrics_sitenote_category":0,"footnotes":""},"class_list":["post-1169","page","type-page","status-publish","hentry"],"_links":{"self":[{"href":"https:\/\/www.baejizunft.ch\/index.php\/wp-json\/wp\/v2\/pages\/1169","targetHints":{"allow":["GET"]}}],"collection":[{"href":"https:\/\/www.baejizunft.ch\/index.php\/wp-json\/wp\/v2\/pages"}],"about":[{"href":"https:\/\/www.baejizunft.ch\/index.php\/wp-json\/wp\/v2\/types\/page"}],"author":[{"embeddable":true,"href":"https:\/\/www.baejizunft.ch\/index.php\/wp-json\/wp\/v2\/users\/1"}],"replies":[{"embeddable":true,"href":"https:\/\/www.baejizunft.ch\/index.php\/wp-json\/wp\/v2\/comments?post=1169"}],"version-history":[{"count":9,"href":"https:\/\/www.baejizunft.ch\/index.php\/wp-json\/wp\/v2\/pages\/1169\/revisions"}],"predecessor-version":[{"id":2810,"href":"https:\/\/www.baejizunft.ch\/index.php\/wp-json\/wp\/v2\/pages\/1169\/revisions\/2810"}],"up":[{"embeddable":true,"href":"https:\/\/www.baejizunft.ch\/index.php\/wp-json\/wp\/v2\/pages\/128"}],"wp:attachment":[{"href":"https:\/\/www.baejizunft.ch\/index.php\/wp-json\/wp\/v2\/media?parent=1169"}],"curies":[{"name":"wp","href":"https:\/\/api.w.org\/{rel}","templated":true}]}}

<figure id="tablepress-26" class="wp-block-table is-style-stripes"><table><tbody><tr><td>Fr, 06. Februar</td><td>14.00 Uhr</td><td><a href="http://www.baejizunft.ch/index.php/aktivitaeten/besuch-hps/">Besuch der HPS in Glis</a> (<a href="https://www.baejizunft.ch/index.php/rl_gallery/hps-glis-2026/">Impressionen</a>)</td></tr><tr><td></td><td>20.00 Uhr</td><td>Drachenausbruch Naters (<a href="https://www.baejizunft.ch/index.php/rl_gallery/drachenausbruch-naters-2026/">Impressionen</a>)</td></tr><tr><td>Mo, 09. Februar</td><td>19.30 Uhr</td><td><a href="http://www.baejizunft.ch/index.php/aktivitaeten/schnitzelbankabend/">Schnitzelbankabend im Pfarreiheim in Glis</a> (<a href="https://www.baejizunft.ch/index.php/rl_gallery/schnitzelbankabend-2026/">Impressionen</a>)<br>Vorverkauf Tickets: Samstag, 24. Januar 2026</td></tr><tr><td>Di, 10. Februar</td><td>19.30 Uhr</td><td><a href="http://www.baejizunft.ch/index.php/aktivitaeten/schnitzelbankabend/">Schnitzelbankabend im Pfarreiheim in Glis</a><br>Vorverkauf Tickets: Samstag, 24. Januar 2026</td></tr><tr><td>Mi, 11. Februar</td><td>19.30 Uhr</td><td><a href="http://www.baejizunft.ch/index.php/aktivitaeten/chessletta/">Chessletta Eröffnung der Gliser Fasnacht auf dem Dorfplatz in Glis</a> <br>(<a href="https://www.baejizunft.ch/index.php/rl_gallery/chessletta-2026/">Impressionen</a>)</td></tr><tr><td>Do, 12. Februar</td><td>14.00 Uhr</td><td><a href="http://www.baejizunft.ch/index.php/aktivitaeten/kinderumzug/">Kinderumzug Brig-Glis</a> (<a href="https://www.baejizunft.ch/index.php/rl_gallery/kinderumzug-glis-2026/">Impressionen</a>)</td></tr><tr><td></td><td></td><td>Kasbaheröffnung Brig (<a href="https://www.baejizunft.ch/index.php/rl_gallery/kasbaheroeffnung-brig-2026/">Impressionen</a>)</td></tr><tr><td>Fr, 13. Februar</td><td>18.00 Uhr</td><td>Jubiläumsfäscht 60 Jahr Bäjizunft (<a href="https://www.baejizunft.ch/index.php/rl_gallery/60-jahre-baejizunft-glis/">Impressionen</a>)</td></tr><tr><td>So, 15. Februar</td><td>14.00 Uhr</td><td><a href="http://www.baejizunft.ch/index.php/aktivitaeten/oberwalliser-umzug/">Grosser Oberwalliser Fasnachtsumzug in Glis</a> (<a href="https://www.baejizunft.ch/index.php/rl_gallery/grosser-oberwalliser-fasnachtsumzug-2026/">Impressionen</a>)</td></tr><tr><td>Mo, 16. Februar</td><td>19.00 Uhr</td><td><a href="http://www.baejizunft.ch/index.php/aktivitaeten/maskentreiben/">Maskentreiben in den Gliser Restaurants</a></td></tr><tr><td>Sa, 07. November</td><td>16.00 Uhr</td><td><a href="http://www.baejizunft.ch/index.php/aktivitaeten/gv-familienabend/">GV Baejizunft</a></td></tr><tr><td></td><td>19.30 Uhr</td><td><a href="http://www.baejizunft.ch/index.php/aktivitaeten/gv-familienabend/">Familienabend</a></td></tr></tbody></table></figure>



<p></p>
